 62.
38
What is the remainder when 88261 is divided by 34?
31
What is the remainder when 661086 is divided by 168?
6
What is the remainder when 14247 is divided by 3555?
27
What is the remainder when 2785 is divided by 555?
10
Calculate the remainder when 26437 is divided by 12.
1
Calculate the remainder when 19284 is divided by 8.
4
Calculate the remainder when 1712 is divided by 160.
112
What is the remainder when 47199 is divided by 23596?
7
What is the remainder when 10803 is divided by 2581?
479
What is the remainder when 214223 is divided by 43?
40
Calculate the remainder when 2656033 is divided by 460.
453
Calculate the remainder when 225516 is divided by 7274.
22
Calculate the remainder when 7036 is divided by 3509.
18
Calculate the remainder when 5372 is divided by 1783.
23
Calculate the remainder when 275394 is divided by 569.
567
Calculate the remainder when 10080 is divided by 54.
36
What is the remainder when 160322 is divided by 53419?
65
What is the remainder when 10832 is divided by 3067?
1631
Calculate the remainder when 5048 is divided by 1669.
41
What is the remainder when 9470 is divided by 9457?
13
Calculate the remainder when 102278 is divided by 8.
6
Calculate the remainder when 11177 is divided by 31.
17
Calculate the remainder when 112418 is divided by 289.
286
What is the remainder when 393035 is divided by 29?
27
Calculate the remainder when 2536 is divided by 2535.
1
What is the remainder when 11715 is divided by 5845?
25
Calculate the remainder when 2200 is divided by 725.
25
What is the remainder when 33447 is divided by 33446?
1
Calculate the remainder when 1846208 is divided by 23.
21
What is the remainder when 679 is divided by 356?
323
What is the remainder when 12660 is divided by 27?
24
What is the remainder when 611139 is divided by 887?
883
Calculate the remainder when 11468 is divided by 5705.
58
What is the remainder when 21206 is divided by 394?
324
What is the remainder when 225366 is divided by 75119?
9
What is the remainder when 22710 is divided by 7567?
9
What is the remainder when 104755 is divided by 6161?
18
What is the remainder when 4030 is divided by 274?
194
What is the remainder when 5869 is divided by 526?
83
Calculate the remainder when 22080 is divided by 763.
716
What is the remainder when 117706 is divided by 10?
6
Calculate the remainder when 8924 is divided by 36.
32
What is the remainder when 11688 is divided by 103?
49
Calculate the remainder when 1625 is divided by 658.
309
Calculate the remainder when 1380 is divided by 324.
84
What is the remainder when 60907 is divided by 771?
769
What is the remainder when 9886 is divided by 29?
26
What is the remainder when 1837845 is divided by 1697?
1691
What is the remainder when 4144 is divided by 912?
496
What is the remainder when 3150 is divided by 241?
17
Calculate the remainder when 4760 is divided by 2245.
270
Calculate the remainder when 812 is divided by 267.
11
Calculate the remainder when 69596 is divided by 19.
18
What is the remainder when 30027 is divided by 509?
505
Calculate the remainder when 243508 is divided by 45.
13
What is the remainder when 54445 is divided by 45?
40
Calculate the remainder when 628150 is divided by 12.
10
Calculate the remainder when 1374 is divided by 1323.
51
Calculate the remainder when 21946 is divided by 99.
67
Calculate the remainder when 381154 is divided by 6.
4
What is the remainder when 625 is divided by 77?
9
Calculate the remainder when 3280 is divided by 19.
12
What is the remainder when 3793 is divided by 91?
62
Calculate the remainder when 2629876 is divided by 6430.
6
What is the remainder when 36548 is divided by 18269?
10
What is the remainder when 408 is divided by 382?
26
Calculate the remainder when 33825 is divided by 100.
25
Calculate the remainder when 88797 is divided by 10.
7
Calculate the remainder when 8481 is divided by 1834.
1145
What is the remainder when 19016 is divided by 4753?
4
Calculate the remainder when 44219 is divided by 44.
43
Calculate the remainder when 85114 is divided by 492.
490
Calculate the remainder when 5442 is divided by 3986.
1456
What is the remainder when 26922 is divided by 212?
210
What is the remainder when 10032 is divided by 239?
233
Calculate the remainder when 9506 is divided by 65.
16
Calculate the remainder when 28842 is divided by 1802.
10
What is the remainder when 96549 is divided by 50?
49
What is the remainder when 9562 is divided by 816?
586
What is the remainder when 3877 is divided by 79?
6
Calculate the remainder when 240580 is divided by 136.
132
What is the remainder when 138160 is divided by 69080?
0
Calculate the remainder when 308624 is divided by 125.
124
What is the remainder when 2948 is divided by 118?
116
What is the remainder when 9145 is divided by 45?
10
Calculate the remainder when 7146 is divided by 1405.
121
What is the remainder when 1008 is divided by 155?
78
Calculate the remainder when 67163 is divided by 250.
163
Calculate the remainder when 5553 is divided by 386.
149
What is the remainder when 1607817 is divided by 21?
15
What is the remainder when 201628 is divided by 611?
609
What is the remainder when 52702 is divided by 265?
232
Calculate the remainder when 201407 is divided by 67128.
23
What is the remainder when 60791 is divided by 447?
446
Calculate the remainder when 545 is divided by 432.
113
What is the remainder when 9692 is divided by 141?
104
Calculate the remainder when 32436 is divided by 32435.
1
What is the remainder when 10110 is divided by 28?
2
Calculate the remainder when 5005 is divided by 134.
47
Calculate the remainder when 1538 is divided by 565.
408
What is the remainder when 16523 is divided by 1795?
368
What is the remainder when 2384 is divided by 17?
4
Calculate the remainder when 2837 is divided by 189.
2
What is the remainder when 992309 is divided by 62?
61
What is the remainder when 52522 is divided by 12?
10
What is the remainder when 3307379 is divided by 136?
131
Calculate the remainder when 619219 is divided by 382.
379
Calculate the remainder when 1841 is divided by 1389.
452
What is the remainder when 10299 is divided by 101?
98
What is the remainder when 250654 is divided by 373?
371
Calculate the remainder when 1390 is divided by 241.
185
Calculate the remainder when 1366 is divided by 331.
42
Calculate the remainder when 24611 is divided by 127.
100
Calculate the remainder when 75765 is divided by 231.
228
Calculate the remainder when 4252 is divided by 135.
67
What is the remainder when 11243 is divided by 23?
19
Calculate the remainder when 171900 is divided by 57.
45
What is the remainder when 104552 is divided by 18?
8
Calculate the remainder when 35686 is divided by 166.
162
What is the remainder when 140453 is divided by 4388?
37
What is the remainder when 68024 is divided by 33874?
276
What is the remainder when 320 is divided by 6?
2
What is the remainder when 21312 is divided by 29?
26
Calculate the remainder when 3758 is divided by 23.
9
Calculate the remainder when 4365 is divided by 1084.
29
Calculate the remainder when 27670 is divided by 8315.
2725
Calculate the remainder when 2609281 is divided by 34.
19
What is the remainder when 43700 is divided by 4854?
14
What is the remainder when 44528 is divided by 11113?
76
Calculate the remainder when 361 is divided by 70.
11
Calculate the remainder when 25049 is divided by 244.
161
What is the remainder when 2221 is divided by 102?
79
Calculate the remainder when 23144 is divided by 7712.
8
Calculate the remainder when 1623 is divided by 9.
3
Calculate the remainder when 3146 is divided by 465.
356
What is the remainder when 2512 is divided by 158?
142
Calculate the remainder when 1086 is divided by 103.
56
Calculate the remainder when 1175373 is divided by 53.
45
Calculate the remainder when 998710 is divided by 44.
42
Calculate the remainder when 5414 is divided by 360.
14
What is the remainder when 2975717 is divided by 13?
4
What is the remainder when 21293 is divided by 169?
168
What is the remainder when 9228 is divided by 97?
13
Calculate the remainder when 22525 is divided by 490.
475
Calculate the remainder when 20070 is divided by 307.
115
What is the remainder when 2237 is divided by 102?
9